{"id":55,"date":"2024-07-13T14:08:57","date_gmt":"2024-07-13T14:08:57","guid":{"rendered":"http:\/\/artbeton.co.me\/?page_id=55"},"modified":"2024-07-17T14:26:02","modified_gmt":"2024-07-17T14:26:02","slug":"art-beton-podgorica-kontakt","status":"publish","type":"page","link":"https:\/\/artbeton.co.me\/index.php\/art-beton-podgorica-kontakt\/","title":{"rendered":"KONTAKT"},"content":{"rendered":"\n[et_pb_section fb_built=&#8221;1&#8243; _builder_version=&#8221;4.25.0&#8243; _module_preset=&#8221;default&#8221; global_colors_info=&#8221;{}&#8221;][et_pb_row _builder_version=&#8221;4.25.0&#8243; _module_preset=&#8221;default&#8221; global_colors_info=&#8221;{}&#8221;][et_pb_column type=&#8221;4_4&#8243; _builder_version=&#8221;4.25.0&#8243; _module_preset=&#8221;default&#8221; global_colors_info=&#8221;{}&#8221;][et_pb_text _builder_version=&#8221;4.25.0&#8243; _module_preset=&#8221;default&#8221; text_font=&#8221;Oswald|600|||||||&#8221; text_text_color=&#8221;#03254f&#8221; text_font_size=&#8221;21px&#8221; text_orientation=&#8221;center&#8221; animation_style=&#8221;slide&#8221; animation_direction=&#8221;left&#8221; border_width_bottom=&#8221;3px&#8221; border_color_bottom=&#8221;#0C71C3&#8243; box_shadow_style=&#8221;preset1&#8243; box_shadow_color=&#8221;#0C71C3&#8243; global_colors_info=&#8221;{}&#8221;]<p>KONTAKT<\/p>[\/et_pb_text][\/et_pb_column][\/et_pb_row][et_pb_row column_structure=&#8221;1_2,1_2&#8243; _builder_version=&#8221;4.25.0&#8243; _module_preset=&#8221;default&#8221; global_colors_info=&#8221;{}&#8221;][et_pb_column type=&#8221;1_2&#8243; _builder_version=&#8221;4.25.0&#8243; _module_preset=&#8221;default&#8221; global_colors_info=&#8221;{}&#8221;][et_pb_image src=&#8221;https:\/\/artbeton.co.me\/wp-content\/uploads\/2024\/07\/NOVO-ART-LOGO.png&#8221; alt=&#8221;ART BETON PODGORICA&#8221; title_text=&#8221;ART BETON PODGORICA&#8221; _builder_version=&#8221;4.25.0&#8243; _module_preset=&#8221;default&#8221; global_colors_info=&#8221;{}&#8221;][\/et_pb_image][\/et_pb_column][et_pb_column type=&#8221;1_2&#8243; _builder_version=&#8221;4.25.0&#8243; _module_preset=&#8221;default&#8221; global_colors_info=&#8221;{}&#8221;][et_pb_image src=&#8221;https:\/\/artbeton.co.me\/wp-content\/uploads\/2024\/07\/cropped-uvod-1-1.png&#8221; alt=&#8221;logo art beton&#8221; title_text=&#8221;ART BETON PODGORICA&#8221; align=&#8221;center&#8221; _builder_version=&#8221;4.25.0&#8243; _module_preset=&#8221;default&#8221; max_width=&#8221;35%&#8221; animation_style=&#8221;roll&#8221; global_colors_info=&#8221;{}&#8221;][\/et_pb_image][et_pb_text _builder_version=&#8221;4.25.0&#8243; _module_preset=&#8221;default&#8221; text_font=&#8221;Oswald|600|||||||&#8221; text_text_color=&#8221;#063568&#8243; text_font_size=&#8221;21px&#8221; text_orientation=&#8221;center&#8221; border_width_bottom=&#8221;3px&#8221; border_color_bottom=&#8221;#00497a&#8221; global_colors_info=&#8221;{}&#8221;]<p>POZOVITE NAS&#8230;<\/p>[\/et_pb_text][et_pb_text _builder_version=&#8221;4.25.0&#8243; _module_preset=&#8221;default&#8221; text_font=&#8221;Oswald|700|||||||&#8221; text_text_color=&#8221;#003866&#8243; text_font_size=&#8221;18px&#8221; text_orientation=&#8221;center&#8221; border_width_bottom=&#8221;3px&#8221; border_color_bottom=&#8221;#003660&#8243; box_shadow_style=&#8221;preset1&#8243; box_shadow_color=&#8221;#0C71C3&#8243; hover_enabled=&#8221;0&#8243; sticky_enabled=&#8221;0&#8243;]<p>Direktor : +382 67 612 609 ; +382 69 012 609<\/p>\n<p>Tehni\u010dka slu\u017eba : +382 67 259 500 ; +382 67 166 322<\/p>\n<p>Prodaja : +382 67 259 512 ; +382 67 259 503<\/p>[\/et_pb_text][\/et_pb_column][\/et_pb_row][et_pb_row _builder_version=&#8221;4.25.0&#8243; _module_preset=&#8221;default&#8221; global_colors_info=&#8221;{}&#8221; column_structure=&#8221;1_3,1_3,1_3&#8243;][et_pb_column type=&#8221;1_3&#8243; _builder_version=&#8221;4.25.0&#8243; _module_preset=&#8221;default&#8221; global_colors_info=&#8221;{}&#8221;][et_pb_text _builder_version=&#8221;4.25.0&#8243; _module_preset=&#8221;default&#8221; text_font=&#8221;Oswald|700|||||||&#8221; text_text_color=&#8221;#043b6b&#8221; text_font_size=&#8221;21px&#8221; text_orientation=&#8221;center&#8221; hover_enabled=&#8221;0&#8243; border_width_top=&#8221;5px&#8221; border_color_top=&#8221;#023966&#8243; border_width_bottom=&#8221;5px&#8221; border_color_bottom=&#8221;#033f70&#8243; box_shadow_style=&#8221;preset1&#8243; box_shadow_color=&#8221;#0C71C3&#8243; global_colors_info=&#8221;{}&#8221; sticky_enabled=&#8221;0&#8243;]<p>Izlo\u017ebeni salon &#8211; Mareza&#8230;<\/p>\n<p>Partizanski put bb, Podgorica.<\/p>\n<p>+382 20 281 145<\/p>\n<p>+382 69 012 609<\/p>\n<p>e-mail : artbeton@t-com.me<\/p>[\/et_pb_text][\/et_pb_column][et_pb_column type=&#8221;1_3&#8243; _builder_version=&#8221;4.25.0&#8243; _module_preset=&#8221;default&#8221; global_colors_info=&#8221;{}&#8221;][et_pb_text _builder_version=&#8221;4.25.0&#8243; _module_preset=&#8221;default&#8221; text_font=&#8221;Oswald|700|||||||&#8221; text_text_color=&#8221;#001b5b&#8221; text_font_size=&#8221;21px&#8221; text_orientation=&#8221;center&#8221; border_width_top=&#8221;5px&#8221; border_color_top=&#8221;#003e68&#8243; border_width_bottom=&#8221;5px&#8221; border_color_bottom=&#8221;#01223d&#8221; box_shadow_style=&#8221;preset1&#8243; box_shadow_color=&#8221;#0C71C3&#8243; hover_enabled=&#8221;0&#8243; sticky_enabled=&#8221;0&#8243;]<p>Proizvodni pogon Danilovgrad&#8230;<\/p>\n<p>Lazine, Kosi\u0107.<\/p>\n<p>+382 67 166 322<\/p>\n<p>+382 67 259 503<\/p>\n<p>e-mail : artbetonpg@gmail.com<\/p>[\/et_pb_text][\/et_pb_column][et_pb_column type=&#8221;1_3&#8243; _builder_version=&#8221;4.25.0&#8243; _module_preset=&#8221;default&#8221; global_colors_info=&#8221;{}&#8221;][et_pb_text _builder_version=&#8221;4.25.0&#8243; _module_preset=&#8221;default&#8221; text_font=&#8221;Oswald|700|||||||&#8221; text_text_color=&#8221;#002259&#8243; text_font_size=&#8221;21px&#8221; text_orientation=&#8221;center&#8221; border_width_top=&#8221;5px&#8221; border_color_top=&#8221;#022f72&#8243; border_width_bottom=&#8221;5px&#8221; border_color_bottom=&#8221;#00366d&#8221; box_shadow_style=&#8221;preset1&#8243; box_shadow_color=&#8221;#0C71C3&#8243; hover_enabled=&#8221;0&#8243; sticky_enabled=&#8221;0&#8243;]<p>Proizvodni pogon Bijelo Polje&#8230;<\/p>\n<p>Industrijska bb.<\/p>\n<p>+382 67 259 515<\/p>\n<p>+382 69 062 847<\/p>\n<p>e-mail : nikolajevric7@gmail.com<\/p>[\/et_pb_text][\/et_pb_column][\/et_pb_row][et_pb_row column_structure=&#8221;1_2,1_2&#8243; _builder_version=&#8221;4.25.0&#8243; _module_preset=&#8221;default&#8221; global_colors_info=&#8221;{}&#8221;][et_pb_column type=&#8221;1_2&#8243; _builder_version=&#8221;4.25.0&#8243; _module_preset=&#8221;default&#8221; global_colors_info=&#8221;{}&#8221;][et_pb_text _builder_version=&#8221;4.25.0&#8243; _module_preset=&#8221;default&#8221; text_font=&#8221;Oswald|700|||||||&#8221; text_text_color=&#8221;#023859&#8243; text_font_size=&#8221;21px&#8221; text_orientation=&#8221;center&#8221; hover_enabled=&#8221;0&#8243; border_width_all=&#8221;6px&#8221; border_color_all=&#8221;#023966&#8243; border_style_all=&#8221;double&#8221; box_shadow_style=&#8221;preset1&#8243; box_shadow_color=&#8221;#0C71C3&#8243; global_colors_info=&#8221;{}&#8221; custom_margin=&#8221;111px||||false|false&#8221; sticky_enabled=&#8221;0&#8243;]<p>Uvijek tu za Vas!<\/p>\n<p>Va\u0161 siguran partner!<\/p>\n<p>ART BETON CO<\/p>[\/et_pb_text][\/et_pb_column][et_pb_column type=&#8221;1_2&#8243; _builder_version=&#8221;4.25.0&#8243; _module_preset=&#8221;default&#8221; global_colors_info=&#8221;{}&#8221;][et_pb_contact_form _builder_version=&#8221;4.25.0&#8243; _module_preset=&#8221;default&#8221; _unique_id=&#8221;b6f98856-3397-443a-8499-7a48aa015365&#8243; form_field_background_color=&#8221;#FFFFFF&#8221; form_field_text_color=&#8221;#033559&#8243; title_font=&#8221;Oswald||||||||&#8221; form_field_font=&#8221;Oswald||||||||&#8221; global_colors_info=&#8221;{}&#8221;][et_pb_contact_field field_id=&#8221;Art Beton&#8221; field_title=&#8221;Ime :&#8221; field_type=&#8221;email&#8221; conditional_logic=&#8221;on&#8221; conditional_logic_rules=&#8221;%91{%22field%22:%22email%22,%22condition%22:%22is%22,%22value%22:%22%22}%93&#8243; _builder_version=&#8221;4.25.0&#8243; text_orientation=&#8221;left&#8221; border_width_all=&#8221;4px&#8221; border_color_all=&#8221;#065282&#8243; global_colors_info=&#8221;{}&#8221; button_text_size__hover_enabled=&#8221;off&#8221; button_one_text_size__hover_enabled=&#8221;off&#8221; button_two_text_size__hover_enabled=&#8221;off&#8221; button_text_color__hover_enabled=&#8221;off&#8221; button_one_text_color__hover_enabled=&#8221;off&#8221; button_two_text_color__hover_enabled=&#8221;off&#8221; button_border_width__hover_enabled=&#8221;off&#8221; button_one_border_width__hover_enabled=&#8221;off&#8221; button_two_border_width__hover_enabled=&#8221;off&#8221; button_border_color__hover_enabled=&#8221;off&#8221; button_one_border_color__hover_enabled=&#8221;off&#8221; button_two_border_color__hover_enabled=&#8221;off&#8221; button_border_radius__hover_enabled=&#8221;off&#8221; button_one_border_radius__hover_enabled=&#8221;off&#8221; button_two_border_radius__hover_enabled=&#8221;off&#8221; button_letter_spacing__hover_enabled=&#8221;off&#8221; button_one_letter_spacing__hover_enabled=&#8221;off&#8221; button_two_letter_spacing__hover_enabled=&#8221;off&#8221; button_bg_color__hover_enabled=&#8221;off&#8221; button_one_bg_color__hover_enabled=&#8221;off&#8221; button_two_bg_color__hover_enabled=&#8221;off&#8221;][\/et_pb_contact_field][et_pb_contact_field field_id=&#8221;Email_:&#8221; field_title=&#8221;Email Address&#8221; field_type=&#8221;email&#8221; _builder_version=&#8221;4.25.0&#8243; border_width_all=&#8221;5px&#8221; border_color_all=&#8221;#005d7f&#8221; global_colors_info=&#8221;{}&#8221; button_text_size__hover_enabled=&#8221;off&#8221; button_one_text_size__hover_enabled=&#8221;off&#8221; button_two_text_size__hover_enabled=&#8221;off&#8221; button_text_color__hover_enabled=&#8221;off&#8221; button_one_text_color__hover_enabled=&#8221;off&#8221; button_two_text_color__hover_enabled=&#8221;off&#8221; button_border_width__hover_enabled=&#8221;off&#8221; button_one_border_width__hover_enabled=&#8221;off&#8221; button_two_border_width__hover_enabled=&#8221;off&#8221; button_border_color__hover_enabled=&#8221;off&#8221; button_one_border_color__hover_enabled=&#8221;off&#8221; button_two_border_color__hover_enabled=&#8221;off&#8221; button_border_radius__hover_enabled=&#8221;off&#8221; button_one_border_radius__hover_enabled=&#8221;off&#8221; button_two_border_radius__hover_enabled=&#8221;off&#8221; button_letter_spacing__hover_enabled=&#8221;off&#8221; button_one_letter_spacing__hover_enabled=&#8221;off&#8221; button_two_letter_spacing__hover_enabled=&#8221;off&#8221; button_bg_color__hover_enabled=&#8221;off&#8221; button_one_bg_color__hover_enabled=&#8221;off&#8221; button_two_bg_color__hover_enabled=&#8221;off&#8221;][\/et_pb_contact_field][et_pb_contact_field field_id=&#8221;Poruka_:&#8221; field_title=&#8221;Poruka :&#8221; field_type=&#8221;text&#8221; fullwidth_field=&#8221;on&#8221; _builder_version=&#8221;4.25.0&#8243; form_field_background_color=&#8221;rgba(3,61,119,0.31)&#8221; border_width_all=&#8221;6px&#8221; border_color_all=&#8221;#012660&#8243; global_colors_info=&#8221;{}&#8221; button_text_size__hover_enabled=&#8221;off&#8221; button_one_text_size__hover_enabled=&#8221;off&#8221; button_two_text_size__hover_enabled=&#8221;off&#8221; button_text_color__hover_enabled=&#8221;off&#8221; button_one_text_color__hover_enabled=&#8221;off&#8221; button_two_text_color__hover_enabled=&#8221;off&#8221; button_border_width__hover_enabled=&#8221;off&#8221; button_one_border_width__hover_enabled=&#8221;off&#8221; button_two_border_width__hover_enabled=&#8221;off&#8221; button_border_color__hover_enabled=&#8221;off&#8221; button_one_border_color__hover_enabled=&#8221;off&#8221; button_two_border_color__hover_enabled=&#8221;off&#8221; button_border_radius__hover_enabled=&#8221;off&#8221; button_one_border_radius__hover_enabled=&#8221;off&#8221; button_two_border_radius__hover_enabled=&#8221;off&#8221; button_letter_spacing__hover_enabled=&#8221;off&#8221; button_one_letter_spacing__hover_enabled=&#8221;off&#8221; button_two_letter_spacing__hover_enabled=&#8221;off&#8221; button_bg_color__hover_enabled=&#8221;off&#8221; button_one_bg_color__hover_enabled=&#8221;off&#8221; button_two_bg_color__hover_enabled=&#8221;off&#8221;][\/et_pb_contact_field][\/et_pb_contact_form][\/et_pb_column][\/et_pb_row][et_pb_row column_structure=&#8221;1_2,1_2&#8243; _builder_version=&#8221;4.25.0&#8243; _module_preset=&#8221;default&#8221; global_colors_info=&#8221;{}&#8221;][et_pb_column type=&#8221;1_2&#8243; _builder_version=&#8221;4.25.0&#8243; _module_preset=&#8221;default&#8221; global_colors_info=&#8221;{}&#8221;][et_pb_text _builder_version=&#8221;4.25.0&#8243; _module_preset=&#8221;default&#8221; text_font=&#8221;Oswald|700|||||||&#8221; text_text_color=&#8221;#023368&#8243; text_font_size=&#8221;21px&#8221; text_orientation=&#8221;center&#8221; custom_margin=&#8221;111px||||false|false&#8221; box_shadow_style=&#8221;preset6&#8243; box_shadow_color=&#8221;#0C71C3&#8243; global_colors_info=&#8221;{}&#8221;]<p>Posjetite nas na Marezi.<\/p>\n<p>Partizanski put bb&#8230;<\/p>\n<p>Radno vrijeme : 08h &#8211; 15h.<\/p>[\/et_pb_text][\/et_pb_column][et_pb_column type=&#8221;1_2&#8243; _builder_version=&#8221;4.25.0&#8243; _module_preset=&#8221;default&#8221; global_colors_info=&#8221;{}&#8221;][et_pb_image src=&#8221;https:\/\/artbeton.co.me\/wp-content\/uploads\/2024\/07\/image0.jpeg&#8221; alt=&#8221;SEDISTE ART BETON MAREZA&#8221; title_text=&#8221;SEDISTE ART BETON MAREZA&#8221; url=&#8221;https:\/\/www.google.com\/maps\/dir\/\/Partizanski+Put,+Podgorica\/@42.461044,19.1110272,12z\/data=!4m8!4m7!1m0!1m5!1m1!1s0x134d9554ac31aabf:0xd086935d4dd5aee1!2m2!1d19.1934058!2d42.4610573?hl=en&#038;entry=ttu&#8221; url_new_window=&#8221;on&#8221; align=&#8221;center&#8221; _builder_version=&#8221;4.25.0&#8243; _module_preset=&#8221;default&#8221; max_width=&#8221;65%&#8221; global_colors_info=&#8221;{}&#8221;][\/et_pb_image][\/et_pb_column][\/et_pb_row][et_pb_row column_structure=&#8221;1_2,1_2&#8243; _builder_version=&#8221;4.25.0&#8243; _module_preset=&#8221;default&#8221; global_colors_info=&#8221;{}&#8221;][et_pb_column type=&#8221;1_2&#8243; _builder_version=&#8221;4.25.0&#8243; _module_preset=&#8221;default&#8221; global_colors_info=&#8221;{}&#8221;][et_pb_text _builder_version=&#8221;4.25.0&#8243; _module_preset=&#8221;default&#8221; text_font=&#8221;Oswald|700|||||||&#8221; text_text_color=&#8221;#012359&#8243; text_font_size=&#8221;21px&#8221; text_orientation=&#8221;center&#8221; box_shadow_style=&#8221;preset6&#8243; box_shadow_color=&#8221;#0C71C3&#8243; global_colors_info=&#8221;{}&#8221;]<p>Posjetite nas u na\u0161em proizvodnom pogonu u Danilovgradu. Lazine, Kosi\u0107&#8230;<\/p>\n<p>Radno vrijeme : 08h &#8211; 15:30h.<\/p>[\/et_pb_text][\/et_pb_column][et_pb_column type=&#8221;1_2&#8243; _builder_version=&#8221;4.25.0&#8243; _module_preset=&#8221;default&#8221; global_colors_info=&#8221;{}&#8221;][et_pb_image src=&#8221;https:\/\/artbeton.co.me\/wp-content\/uploads\/2024\/07\/image1.jpeg&#8221; alt=&#8221;SEDI\u0160TE ART BETON PROIUVODNI POGON DANILOVGRAD, LAZINE, KOSI\u0106&#8221; title_text=&#8221;SEDI\u0160TE ART BETON PROIUVODNI POGON DANILOVGRAD, LAZINE, KOSI\u0106&#8221; url=&#8221;https:\/\/www.google.com\/maps\/dir\/42.4378368,19.2577536\/danilovgrad+kosic+art+beton\/@42.4822948,19.1107351,12z\/data=!3m1!4b1!4m9!4m8!1m1!4e1!1m5!1m1!1s0x134dbe61e5558057:0xbd580afde1c386df!2m2!1d19.1411806!2d42.5308164?hl=en&#038;entry=ttu&#8221; url_new_window=&#8221;on&#8221; align=&#8221;center&#8221; _builder_version=&#8221;4.25.0&#8243; _module_preset=&#8221;default&#8221; max_width=&#8221;65%&#8221; global_colors_info=&#8221;{}&#8221;][\/et_pb_image][\/et_pb_column][\/et_pb_row][\/et_pb_section]\n","protected":false},"excerpt":{"rendered":"<p>KONTAKTPOZOVITE NAS&#8230;Direktor : +382 67 612 609 ; +382 69 012 609 Tehni\u010dka slu\u017eba : +382 67 259 500 ; +382 67 166 322 Prodaja : +382 67 259 512 ; +382 67 259 503Izlo\u017ebeni salon &#8211; Mareza&#8230; Partizanski put bb, Podgorica. +382 20 281 145 +382 69 012 609 e-mail : artbeton@t-com.meProizvodni pogon Danilovgrad&#8230; [&hellip;]<\/p>\n","protected":false},"author":1,"featured_media":0,"parent":0,"menu_order":0,"comment_status":"closed","ping_status":"closed","template":"","meta":{"_et_pb_use_builder":"on","_et_pb_old_content":"","_et_gb_content_width":"","footnotes":""},"class_list":["post-55","page","type-page","status-publish","hentry"],"yoast_head":"<!-- This site is optimized with the Yoast SEO plugin v27.0 - https:\/\/yoast.com\/product\/yoast-seo-wordpress\/ -->\n<title>ART BETON PODGORICA - KONTAKT<\/title>\n<meta name=\"description\" content=\"ART BETON PODGORICA - KONTAKT . Pozovite nas! Tu smo da odgovorimo na sva Vasa pitanja i ponudimo Vam najbolju uslugu! 067 612 609\" \/>\n<meta name=\"robots\" content=\"index, follow, max-snippet:-1, max-image-preview:large, max-video-preview:-1\" \/>\n<link rel=\"canonical\" href=\"https:\/\/artbeton.co.me\/index.php\/art-beton-podgorica-kontakt\/\" \/>\n<meta property=\"og:locale\" content=\"en_US\" \/>\n<meta property=\"og:type\" content=\"article\" \/>\n<meta property=\"og:title\" content=\"ART BETON PODGORICA - KONTAKT\" \/>\n<meta property=\"og:description\" content=\"ART BETON PODGORICA - KONTAKT . Pozovite nas! Tu smo da odgovorimo na sva Vasa pitanja i ponudimo Vam najbolju uslugu! 067 612 609\" \/>\n<meta property=\"og:url\" content=\"https:\/\/artbeton.co.me\/index.php\/art-beton-podgorica-kontakt\/\" \/>\n<meta property=\"og:site_name\" content=\"ART BETON\" \/>\n<meta property=\"article:modified_time\" content=\"2024-07-17T14:26:02+00:00\" \/>\n<meta name=\"twitter:card\" content=\"summary_large_image\" \/>\n<meta name=\"twitter:label1\" content=\"Est. reading time\" \/>\n\t<meta name=\"twitter:data1\" content=\"2 minutes\" \/>\n<script type=\"application\/ld+json\" class=\"yoast-schema-graph\">{\"@context\":\"https:\/\/schema.org\",\"@graph\":[{\"@type\":\"WebPage\",\"@id\":\"https:\/\/artbeton.co.me\/index.php\/art-beton-podgorica-kontakt\/\",\"url\":\"https:\/\/artbeton.co.me\/index.php\/art-beton-podgorica-kontakt\/\",\"name\":\"ART BETON PODGORICA - KONTAKT\",\"isPartOf\":{\"@id\":\"https:\/\/artbeton.co.me\/#website\"},\"datePublished\":\"2024-07-13T14:08:57+00:00\",\"dateModified\":\"2024-07-17T14:26:02+00:00\",\"description\":\"ART BETON PODGORICA - KONTAKT . Pozovite nas! Tu smo da odgovorimo na sva Vasa pitanja i ponudimo Vam najbolju uslugu! 067 612 609\",\"breadcrumb\":{\"@id\":\"https:\/\/artbeton.co.me\/index.php\/art-beton-podgorica-kontakt\/#breadcrumb\"},\"inLanguage\":\"en-US\",\"potentialAction\":[{\"@type\":\"ReadAction\",\"target\":[\"https:\/\/artbeton.co.me\/index.php\/art-beton-podgorica-kontakt\/\"]}]},{\"@type\":\"BreadcrumbList\",\"@id\":\"https:\/\/artbeton.co.me\/index.php\/art-beton-podgorica-kontakt\/#breadcrumb\",\"itemListElement\":[{\"@type\":\"ListItem\",\"position\":1,\"name\":\"Home\",\"item\":\"https:\/\/artbeton.co.me\/\"},{\"@type\":\"ListItem\",\"position\":2,\"name\":\"KONTAKT\"}]},{\"@type\":\"WebSite\",\"@id\":\"https:\/\/artbeton.co.me\/#website\",\"url\":\"https:\/\/artbeton.co.me\/\",\"name\":\"ART BETON\",\"description\":\"ART BETON CO PODGORICA\",\"potentialAction\":[{\"@type\":\"SearchAction\",\"target\":{\"@type\":\"EntryPoint\",\"urlTemplate\":\"https:\/\/artbeton.co.me\/?s={search_term_string}\"},\"query-input\":{\"@type\":\"PropertyValueSpecification\",\"valueRequired\":true,\"valueName\":\"search_term_string\"}}],\"inLanguage\":\"en-US\"}]}<\/script>\n<!-- \/ Yoast SEO plugin. -->","yoast_head_json":{"title":"ART BETON PODGORICA - KONTAKT","description":"ART BETON PODGORICA - KONTAKT . Pozovite nas! Tu smo da odgovorimo na sva Vasa pitanja i ponudimo Vam najbolju uslugu! 067 612 609","robots":{"index":"index","follow":"follow","max-snippet":"max-snippet:-1","max-image-preview":"max-image-preview:large","max-video-preview":"max-video-preview:-1"},"canonical":"https:\/\/artbeton.co.me\/index.php\/art-beton-podgorica-kontakt\/","og_locale":"en_US","og_type":"article","og_title":"ART BETON PODGORICA - KONTAKT","og_description":"ART BETON PODGORICA - KONTAKT . Pozovite nas! Tu smo da odgovorimo na sva Vasa pitanja i ponudimo Vam najbolju uslugu! 067 612 609","og_url":"https:\/\/artbeton.co.me\/index.php\/art-beton-podgorica-kontakt\/","og_site_name":"ART BETON","article_modified_time":"2024-07-17T14:26:02+00:00","twitter_card":"summary_large_image","twitter_misc":{"Est. reading time":"2 minutes"},"schema":{"@context":"https:\/\/schema.org","@graph":[{"@type":"WebPage","@id":"https:\/\/artbeton.co.me\/index.php\/art-beton-podgorica-kontakt\/","url":"https:\/\/artbeton.co.me\/index.php\/art-beton-podgorica-kontakt\/","name":"ART BETON PODGORICA - KONTAKT","isPartOf":{"@id":"https:\/\/artbeton.co.me\/#website"},"datePublished":"2024-07-13T14:08:57+00:00","dateModified":"2024-07-17T14:26:02+00:00","description":"ART BETON PODGORICA - KONTAKT . Pozovite nas! Tu smo da odgovorimo na sva Vasa pitanja i ponudimo Vam najbolju uslugu! 067 612 609","breadcrumb":{"@id":"https:\/\/artbeton.co.me\/index.php\/art-beton-podgorica-kontakt\/#breadcrumb"},"inLanguage":"en-US","potentialAction":[{"@type":"ReadAction","target":["https:\/\/artbeton.co.me\/index.php\/art-beton-podgorica-kontakt\/"]}]},{"@type":"BreadcrumbList","@id":"https:\/\/artbeton.co.me\/index.php\/art-beton-podgorica-kontakt\/#breadcrumb","itemListElement":[{"@type":"ListItem","position":1,"name":"Home","item":"https:\/\/artbeton.co.me\/"},{"@type":"ListItem","position":2,"name":"KONTAKT"}]},{"@type":"WebSite","@id":"https:\/\/artbeton.co.me\/#website","url":"https:\/\/artbeton.co.me\/","name":"ART BETON","description":"ART BETON CO PODGORICA","potentialAction":[{"@type":"SearchAction","target":{"@type":"EntryPoint","urlTemplate":"https:\/\/artbeton.co.me\/?s={search_term_string}"},"query-input":{"@type":"PropertyValueSpecification","valueRequired":true,"valueName":"search_term_string"}}],"inLanguage":"en-US"}]}},"_links":{"self":[{"href":"https:\/\/artbeton.co.me\/index.php\/wp-json\/wp\/v2\/pages\/55","targetHints":{"allow":["GET"]}}],"collection":[{"href":"https:\/\/artbeton.co.me\/index.php\/wp-json\/wp\/v2\/pages"}],"about":[{"href":"https:\/\/artbeton.co.me\/index.php\/wp-json\/wp\/v2\/types\/page"}],"author":[{"embeddable":true,"href":"https:\/\/artbeton.co.me\/index.php\/wp-json\/wp\/v2\/users\/1"}],"replies":[{"embeddable":true,"href":"https:\/\/artbeton.co.me\/index.php\/wp-json\/wp\/v2\/comments?post=55"}],"version-history":[{"count":6,"href":"https:\/\/artbeton.co.me\/index.php\/wp-json\/wp\/v2\/pages\/55\/revisions"}],"predecessor-version":[{"id":1274,"href":"https:\/\/artbeton.co.me\/index.php\/wp-json\/wp\/v2\/pages\/55\/revisions\/1274"}],"wp:attachment":[{"href":"https:\/\/artbeton.co.me\/index.php\/wp-json\/wp\/v2\/media?parent=55"}],"curies":[{"name":"wp","href":"https:\/\/api.w.org\/{rel}","templated":true}]}}